= -w*x. What are the prime factors of x?
2, 13
Let h be -16 - 5/(-15)*3. What are the prime factors of (8/(-9))/(7/42)*h?
2, 5
What are the prime factors of (250/175)/((-6)/(-6573))?
5, 313
Let w be (-109)/3 + (-3)/(-9). Let h be ((-1)/(-3))/((-3)/w). Suppose 0 = h*d - y - 71, d = -7*y + 4*y + 34. What are the prime factors of d?
19
Suppose r - 6 + 19 = v, -4*v + 37 = -3*r. What are the prime factors of (582/9)/((5/r)/(-1))?
2, 97
Suppose -q - 3 = 0, -4*y + 4*q - 640 = -0*q. What are the prime factors of y/(-7) + (-14)/49?
23
Suppose 0 = 11*s - 7*s - 4720. List the prime factors of s.
2, 5, 59
Suppose -347 = -3*o + 5*u + 277, 0 = -5*u + 15. What are the prime factors of o?
3, 71
Suppose h + 3*h = -3*v - 34, -3*v + 56 = -5*h. What are the prime factors of (120/h)/((-6)/16)?
2
Let j(n) = -6*n + 1. Let r be j(3). Let q = 17 + r. Suppose -3*o + 5*w + 3 + 113 = q, 3*w + 3 = 0. What are the prime factors of o?
37
Suppose 20*j + 5269 = 31*j. List the prime factors of j.
479
Let b(h) = 17*h + 4. Let k be b(2). Suppose -42 - k = -8*m. What are the prime factors of m?
2, 5
Let q be 4 - -2 - 3/(-1). Let f = 11 - q. What are the prime factors of 25 + (-2)/f + 0?
2, 3
Let x(a) = -8 - 5*a - 8 + 12. Let w be 1/1 - 12/3. What are the prime factors of x(w)?
11
Let b(d) = d**3 - 6*d**2 + d + 4. Let x be (-2)/3 - 46/(-6). Let j = -1 + x. What are the prime factors of b(j)?
2, 5
Let l = -10 - -16. Suppose 0 = 5*k + l - 1. Let q = k + 4. List the prime factors of q.
3
Suppose 3*l + 2*t - 129 = 0, -5*t + 12 = l - 31. Let v = 45 + -16. Let z = l - v. List the prime factors of z.
2, 7
Suppose c - 4*c = 0. Suppose p = -c*p + 72. Suppose -244 + p = -4*l. What are the prime factors of l?
43
List the prime factors of 22652/35 + -7 + 3/(-15).
2, 5
Let x = 1830 + -157. What are the prime factors of x?
7, 239
Suppose 2*t - 4*t - 4 = 0. Let m be (8 + t)/2 - -142. Let d = m + -92. What are the prime factors of d?
53
Let l = 5448 - 1771. List the prime factors of l.
3677
Suppose 2*m - 8 = -2*y, -3*y + 2*m + 0*m = -7. Suppose -435 = -y*w - 24. Let h = w + -89. List the prime factors of h.
2, 3
Suppose f + 117 = 114, 3*f = -4*m + 4247. What are the prime factors of m?
2, 7, 19
Let w be 1/(2/88)*1. Let z = w + -3. Suppose -4*p + z = -11. List the prime factors of p.
13
Let g be 2*2/(-2 - -4). Suppose 2*b - 25 = g*d + 27, 3*d + 57 = 2*b. What are the prime factors of b?
3, 7
Let v(y) = 2*y**2 - 9*y - 16. Let c = -5 - -12. List the prime factors of v(c).
19
Let g be ((-11)/4)/(2/(-136)). Suppose 5*p - 38 - g = 0. What are the prime factors of p?
3, 5
List the prime factors of 277*(-3)/12*-4.
277
Suppose 0 = -4*r - 3*u + 460, u + 294 = 2*r + 64. What are the prime factors of r?
5, 23
Suppose -8*x = 2226 - 14754. List the prime factors of x.
2, 3, 29
Let m(d) = -d + 10*d - 31 - 12 + 6*d + d**2. What are the prime factors of m(-18)?
11
Let r(w) = 0*w**2 - 2*w**2 - 8*w - 1 + 0 + w**2. Let q be r(-6). Suppose -o = -3*f + q + 11, -3*o + 42 = 3*f. List the prime factors of f.
3
Let t(a) = 4*a + 7. Let g(l) = -3 + 0 - l + 3. Let n(v) = 5*g(v) + t(v). What are the prime factors of n(-5)?
2, 3
Let r = 7 + -4. Let h be (50/(-75))/(2/(-171)). Suppose -f - 33 = -r*l + 27, 2*f = 3*l - h. List the prime factors of l.
3, 7
Let y = 884 + -570. List the prime factors of y.
2, 157
What are the prime factors of (-16750)/(-45) + (-8)/36 + 0?
2, 3, 31
Let q = -16 + 28. Let i(s) = 9 + 0*s**2 + 18*s - q*s + s**2. What are the prime factors of i(-6)?
3
Let h(c) = -c**3 - 5*c**2 + 5*c - 6. Let o be h(-6). Suppose 10 = g - o*g. What are the prime factors of g - -4 - 1 - -3?
2
Suppose -4*b + 454 = -14. Suppose q - 2*d = 109, -q - d - d = -b. What are the prime factors of q?
113
Let h be (-1 + -166)*(0 - -1). Let w = h - -285. What are the prime factors of w?
2, 59
Let n(q) = 4*q + 2. Let k(y) = 7*y + 5. Let h(z) = 6*k(z) - 11*n(z). Let o be h(10). What are the prime factors of (1*18)/((-9)/o)?
2, 3
Let t(n) = 4*n**2 + 6*n - 13. List the prime factors of t(12).
5, 127
Let f(w) = w + 2. Let x be f(3). Suppose 2*k = 3*i + 64, 0*i - 30 = -k + i. Suppose k - 141 = -x*m. What are the prime factors of m?
23
Let j(k) = 17*k**3 - k**2 - k + 4. Let c(m) = -m**3 - 1. Let y(t) = -3*c(t) - j(t). List the prime factors of y(-1).
13
What are the prime factors of 1541 + (-3 - -2)/(5/5)?
2, 5, 7, 11
Suppose 0 = -q - 0*a - 2*a + 208, 980 = 5*q - 5*a. Suppose -2*z + 3*z - 45 = -2*w, 4*z = -4*w + q. Suppose -j + 2*j = z. List the prime factors of j.
5, 11
Suppose -k - t + 210 = 0, 283 = 4*k - 2*t - 527. Let z = k - 85. What are the prime factors of z?
2, 3, 5
Let i be 3 - (-4 + 10) - -7. Let t be (-4)/8 + 198/i. Let o = 113 - t. List the prime factors of o.
2
Let t be (13*-1)/(7/(-7)). Let w(d) = 3*d - 12*d**2 - 5 + d + t*d**2. List the prime factors of w(-6).
7
Suppose 14*d + 3783 = 16117. What are the prime factors of d?
881
Let q = -623 + 676. List the prime factors of q.
53
Let t = 51 + -36. Suppose 0 = 2*x + 3*v - v - 14, -5*v = -5*x + t. Suppose u - 128 = -x*d, 4*d - u - 23 = 74. List the prime factors of d.
5
Let x = 0 + 6. Suppose -g + x*g = 245. Suppose 0 = -5*w - 3*y + 7*y + g, 3*w - 32 = 5*y. What are the prime factors of w?
3
Let b = 18 - 22. Let w be 2 - -2 - (-3 - b). Suppose 69 = 6*r - w*r. What are the prime factors of r?
23
Let g = 32 + -9. Let f(p) = p**3 - 23*p**2 + 5*p + 33. What are the prime factors of f(g)?
2, 37
Suppose -38 + 183 = 5*x. Let q = 37 - x. Suppose 2*m = 4*j + 10, 4*j - q = -4*m - 0*j. List the prime factors of m.
3
Suppose -6*t - 10 = -8*t. Suppose z = 4*z, 3*w = t*z + 324. Suppose -3*j + w = -57. List the prime factors of j.
5, 11
Let n(o) = 1679*o - 115. List the prime factors of n(3).
2, 23, 107
Let m(i) = -94*i + 4. Let y be m(-2). Suppose 4*g + r - 263 = 0, 3*r + 158 + y = 5*g. What are the prime factors of g?
67
Let t = -25 - -28. List the prime factors of t/(99/(-6)) + 22050/154.
11, 13
Suppose 4*y - 11 = o, -31 - 6 = -5*o - 3*y. Suppose -j - 8 = -o*j. Suppose -5*z - 107 - 15 = -3*f, 0 = -3*f - j*z + 94. What are the prime factors of f?
2, 17
Suppose 2*u - 6*u = -20. Suppose 4*x + 6*y - 4*y = 16, u*x = -4*y + 20. List the prime factors of 48/5 + x/10.
2, 5
What are the prime factors of 42/(-140) - 1413/(-10)?
3, 47
Suppose 5*c + 4*f = -582, c + c + 230 = -3*f. Let n = -178 - c. Let s = n + 104. List the prime factors of s.
2, 11
Let d = -7 - -9. Let l(s) = -2 - 8*s + s**d - 2 - 2*s**2 - 1. List the prime factors of l(-6).
7
Let s(c) = c**2 - 2. Let y be s(-4). Suppose -3*q + 0*q = -m - y, 4*q - 16 = 0. Let r(z) = -2*z**3 - 2. List the prime factors of r(m).
2, 7
Let v = 452 - 273. List the prime factors of v.
179
Let q be (-30)/4*(-24)/5. Let u(h) = -h**3 + 3*h**2 + h + 2. Let v be u(3). Let i = q - v. List the prime factors of i.
31
Let i = 544 - 458. What are the prime factors of i?
2, 43
Let g = 2158 - -650. List the prime factors of g.
2, 3, 13
Suppose 4*v - 6 = -5*n + 14, 1 = 2*n + 3*v. Suppose 33 = 2*o + 5*d - 68, 2*d - 2 = 0. Suppose 4*l = o - n. List the prime factors of l.
2, 5
Let m(v) = -2*v**3 - 4*v**2 + 8*v + 6. Let t be m(-7). Suppose 0 = -i - i + t. What are the prime factors of -3*(i/6)/(-5)?
2, 11
Suppose 9 - 49 = -l - 5*y, -2*l = 2*y - 56. Suppose -28*x = -l*x + 213. Let w = x + 131. List the prime factors of w.
2, 3, 5
Suppose -11*x = -6*x - 25. Suppose x*g = 3*g + 46. List the prime factors of g.
23
Let v = -2 + -6. Let t = 0 - v. List the prime factors of t + (-6 - -2)/(-4).
3
What are the prime factors of 6 + 13323/(-18)*-6?
4447
Let h(o) = -o**3 - 6*o**2 + 3*o + 14. Let n be h(-6). Let p(x) = 3*x**2 + 4*x. What are the prime factors of p(n)?
2
Suppose 5 + 4 = 3*t. Suppose d + 0*d = -t*r - 6, d + 4 = -r. Let y(a) = -14*a**3 - a**2 + a + 1. What are the prime factors of y(r)?
13
Suppose 10394 + 1801 = 5*o. List the prime factors of o.
3, 271
Let h = 251 - 67. What are the prime factors of h?
2, 23
Let o = 2652 - 1777. List the prime factors of o.
5, 7
Suppose d = -4*d - 4*k + 6977, 5*k - 6980 = -5*d. What are the prime factors of d?
7, 199
Suppose 0 = 2*j - 868 + 180. Suppose -2*g = -3*d + 5*d - j, 0 = -3*g - 4*d + 518. What are the prime factors of g?
2, 5, 17
Suppose m + 3880 = 7007. List the prime factors of m.
53, 59
Let p be (5/(-15))/(((-15)/18)/5). Supp